 number?
True
Is 2132266226 a composite number?
True
Is 6479818321 composite?
False
Is 14197084073 prime?
False
Is 486844399 a composite number?
True
Is 39065933659 prime?
False
Is 456575113 a composite number?
False
Is 196012862327 prime?
True
Is 40069307807 composite?
False
Is 54810686551 a prime number?
True
Is 197003501 a prime number?
True
Is 27445323329 composite?
False
Is 812499721 prime?
False
Is 8886497371 prime?
True
Is 316508287 a prime number?
True
Is 2047621711 a composite number?
False
Is 9120887 a composite number?
False
Is 5669992871 prime?
False
Is 3364968449 a composite number?
False
Is 5640871511 a composite number?
True
Is 375085055 prime?
False
Is 46206216899 a composite number?
True
Is 119530142 a prime number?
False
Is 16196753959 prime?
False
Is 18775208113 composite?
True
Is 327291340669 composite?
False
Is 1711104581 composite?
True
Is 19567891529 prime?
True
Is 6696451 prime?
True
Is 467546771 a prime number?
True
Is 567674273 prime?
True
Is 8686189619 composite?
False
Is 95857495049 a composite number?
True
Is 43526663359 a composite number?
True
Is 358243051 prime?
True
Is 65221319717 a composite number?
True
Is 1096410353 a prime number?
True
Is 11952844763 a prime number?
False
Is 2599998329 a composite number?
True
Is 19709649815 composite?
True
Is 29502710201 a prime number?
True
Is 2898419669 prime?
False
Is 616593869 composite?
True
Is 1715187197 a composite number?
True
Is 48366551609 a prime number?
True
Is 1272824933 a composite number?
False
Is 828619369 a composite number?
False
Is 1714215389 a prime number?
False
Is 1297023031 prime?
False
Is 4993324253 a prime number?
False
Is 337624349 prime?
True
Is 436438597 prime?
False
Is 56930440597 a prime number?
True
Is 2566030973 prime?
False
Is 15710650519 a composite number?
True
Is 3915956621 composite?
False
Is 2181687967 a composite number?
True
Is 2973497617 a composite number?
True
Is 22894111183 composite?
True
Is 9163129199 a composite number?
True
Is 24551779331 a composite number?
True
Is 478389251 a composite number?
False
Is 62832125593 a composite number?
False
Is 649680791 composite?
True
Is 131161531 prime?
True
Is 995905195 a prime number?
False
Is 3790379951 a composite number?
True
Is 5250509067 prime?
False
Is 298709231 composite?
True
Is 17538834837 prime?
False
Is 137172767 a composite number?
True
Is 6338513751 composite?
True
Is 736385491 a composite number?
True
Is 24482678237 composite?
True
Is 6757948999 a composite number?
False
Is 13440799 a composite number?
True
Is 18490400629 a composite number?
False
Is 375612707 composite?
False
Is 582583741 a prime number?
False
Is 8953837147 composite?
True
Is 64557368257 a composite number?
False
Is 515420897 composite?
False
Is 57659916647 a composite number?
True
Is 13730761691 a prime number?
False
Is 1269613259 prime?
False
Is 1935108607 prime?
False
Is 28986195302 prime?
False
Is 7458189853 a composite number?
True
Is 2076286031 prime?
False
Is 286198303751 a prime number?
True
Is 3044421561 composite?
True
Is 2060312287 prime?
False
Is 17672098621 a prime number?
False
Is 4292300731 prime?
False
Is 44136051709 composite?
True
Is 3928656967 composite?
False
Is 21115947317 a composite number?
False
Is 46648973909 a composite number?
False
Is 9839186087 a composite number?
False
Is 367728433 a prime number?
True
Is 171621011 a composite number?
False
Is 239124187 a composite number?
True
Is 189391355 composite?
True
Is 419728901 a prime number?
True
Is 17800121021 prime?
True
Is 16937582059 a composite number?
False
Is 1927302071 a prime number?
True
Is 6182386321 composite?
True
Is 2238791029 composite?
True
Is 6295162831 composite?
False
Is 12542989 a prime number?
True
Is 2107856623 a composite number?
True
Is 124142585857 a composite number?
False
Is 247077532393 a composite number?
False
Is 92977272779 a composite number?
False
Is 1693246391 a composite number?
False
Is 8348071993 composite?
True
Is 25311346729 composite?
False
Is 7235932169 a prime number?
True
Is 14806366163 composite?
True
Is 394083479113 a prime number?
False
Is 1590268591 a composite number?
False
Is 70073337311 a prime number?
True
Is 4720724959 a composite number?
False
Is 60984750037 composite?
False
Is 4084287131 a prime number?
True
Is 8848259857 a composite number?
False
Is 6827924131 prime?
False
Is 15801030499 a composite number?
False
Is 5290688323 composite?
True
Is 990373243 a composite number?
True
Is 4366256779 a prime number?
False
Is 161397227 composite?
True
Is 7595072083 prime?
True
Is 1730712989 prime?
True
Is 645166111 prime?
True
Is 120097005949 a composite number?
True
Is 201882521 composite?
False
Is 844127303 prime?
False
Is 7496463983 a prime number?
True
Is 5816351893 a prime number?
False
Is 1187878481 a composite number?
True
Is 380236177 a composite number?
True
Is 1491962645 a prime number?
False
Is 28862494987 a prime number?
True
Is 960880915 a prime number?
False
Is 7733597327 a prime number?
True
Is 6475467413 prime?
True
Is 1495333979 prime?
True
Is 3188472857 composite?
False
Is 8685459841 prime?
True
Is 352015441 composite?
False
Is 509720059 a composite number?
True
Is 1194206213 prime?
False
Is 1257823529 prime?
True
Is 15456270617 a prime number?
False
Is 37796109647 a composite number?
False
Is 182852909 composite?
False
Is 3579522335 a composite number?
True
Is 77273117305 a composite number?
True
Is 627969833 prime?
True
Is 50607231877 a prime number?
False
Is 430914193 a prime number?
True
Is 827183393 a composite number?
False
Is 61620754367 a composite number?
False
Is 5667840517 prime?
True
Is 36719273 a prime number?
True
Is 28097761 prime?
True
Is 420599681 composite?
False
Is 14813487443 composite?
False
Is 23314747961 prime?
False
Is 72895751 composite?
False
Is 29583832963 a prime number?
True
Is 110146104209 composite?
False
Is 828637807 a composite number?
False
Is 76619761 a composite number?
True
Is 204298667 a prime number?
False
Is 2900995271 prime?
False
Is 101175493 prime?
True
Is 27442509221 composite?
False
Is 749456303 a prime number?
False
Is 5079171287 composite?
False
Is 10176942901 a prime number?
True
Is 1045850233 a composite number?
True
Is 56101295686 prime?
False
Is 10309457617 prime?
True
Is 1759604491 a prime number?
False
Is 3054949549 prime?
True
Is 24826021349 prime?
False
Is 912593029 prime?
False
Is 26240894621 composite?
True
Is 49769288783 composite?
True
Is 6671013809 composite?
True
Is 3350633771 a composite number?
True
Is 3220708163 composite?
False
Is 9105134554 composite?
True
Is 3063067771 a composite number?
False
Is 1354284907 composite?
True
Is 2200431041 prime?
False
Is 52812912973 prime?
True
Is 130212495011 composite?
False
Is 421116391 a prime number?
True
Is 754113787 a composite number?
True
Is 5281694077 composite?
True
Is 2657307503 composite?
False
Is 577659409 composite?
True
Is 8666424701 a prime number?
False
Is 537597397 composite?
False
Is 93352603 prime?
False
Is 2983354969 prime?
False
Is 9864335785 a prime number?
False
Is 3402701531 a composite number?
False
Is 470629594 a composite number?
True
Is 290475817 a prime number?
True
Is 193655323 a composite number?
True
Is 500029457 prime?
False
Is 11633092447 prime?
True
Is 492411406 composite?
True
Is 12663280211 prime?
True
Is 82271353963 composite?
True
Is 1614163877 a composite number?
True
Is 9536517673 a prime number?
False
Is 11034879043 prime?
True
Is 1311442309 prime?
True
Is 351874597 a composite number?
False
Is 13234283 prime?
False
Is 317667813 composite?
True
Is 62118223 a prime number?
True
Is 4029236383 composite?
True
Is 2617188149 prime?
True
Is 3511241351 prime?
True
Is 14887770902 composite?
True
Is 11334733789 composite?
True
Is 1549775431 a prime number?
False
Is 12801479023 prime?
True
Is 90867855241 a prime number?
True
Is 77331959993 a prime number?
True
Is 12716676943 prime?
True
Is 1326510343 prime?
True
Is 2137034 a prime number?
False
Is 6183451831 composite?
False
Is 38880058849 a composite number?
True
Is 62283401633 prime?
True
Is 1111751071 a composite number?
False
Is 40114012793 a prime number?
True
Is 13698089077 a composite number?
False
Is 33743571919 prime?
True
Is 142475830837 composite?
True
Is 15220630013 a com